test common divisor of 1 and g.
1
Let s be (10/4)/(1/14). What is the highest common divisor of 70 and s?
35
Let i(s) = -10*s**3 - s**2 - s. Let j be i(-1). Suppose -5*h + y = 3*y - 693, -h + 3*y = -142. Let f = 249 - h. Calculate the highest common factor of f and j.
10
Let o(j) = j**2 - j - 3. Let b be o(-2). What is the highest common divisor of 12 and b?
3
Let d(u) = 2*u**2 - u + 7. Let k be d(0). Calculate the highest common divisor of 7 and k.
7
Suppose 2*p + c = -0 + 5, 20 = -4*c. What is the highest common factor of p and 35?
5
Suppose 3*c + t + 0*t - 52 = 0, 2*t = c - 22. What is the greatest common divisor of 9 and c?
9
Let d(w) = -33*w + 10. Let z be d(-5). What is the greatest common factor of 25 and z?
25
Suppose -3*m - 3*h + 136 = -50, 4*m + 3*h - 251 = 0. Calculate the highest common divisor of 26 and m.
13
Let f(j) = 7*j**2 - 20. Let r be f(-6). Calculate the greatest common factor of r and 29.
29
Let g be 9/6 + -1 + (-33)/(-6). Suppose -3*f - 3*m = -f - 99, 4*f = 3*m + 225. What is the highest common factor of g and f?
6
Let x be (0 - (0 - 0)) + 88. Let h be 1160/x + 4/(-22). What is the greatest common factor of h and 117?
13
Let z(d) = -3 - 112*d**2 - 3*d + 0*d + 114*d**2. Let w be z(3). What is the highest common divisor of w and 6?
6
Suppose -3*v = -6*v + 12. Suppose -v*r + 32 = -0*r. Let o(m) = m**2 + 32. Let q be o(0). Calculate the greatest common factor of r and q.
8
Let a = -160 + 244. What is the greatest common factor of a and 12?
12
Let x be (1 - -67)/4 - 2. What is the highest common factor of x and 15?
15
Let p be (-6)/4*-12*(-12)/(-27). Calculate the greatest common divisor of 2 and p.
2
Let l(i) = i**3 + 9*i**2 - 9*i - 17. Let n be l(-5). What is the greatest common divisor of 16 and n?
16
Let x(h) = h**3 + 16*h**2 + 24*h - 31. Let d be x(-14). Calculate the highest common divisor of 225 and d.
25
Let p(y) = 2*y - 16. Let g be p(13). Calculate the greatest common divisor of g and 50.
10
Let k be (126/(-10))/((-2)/10). Let i = -12 - -17. Suppose -a + 4*b = b - 9, a = -i*b + 41. Calculate the greatest common factor of a and k.
21
Let p = 96 - 83. Let s(n) = -n**3 + n**2 + n + 5. Let i be s(0). Suppose 57 = m - f, -i*m + m = -f - 213. What is the highest common divisor of p and m?
13
Let m be 6 - 2/(4/(-2)). Suppose 3*h + 227 = 701. Let i = -95 + h. What is the greatest common factor of i and m?
7
Suppose -3*i + 184 = -0*i - 4*s, -i - 2*s = -68. Calculate the highest common divisor of i and 96.
32
Let t be -13*(-1 - (3 - 3)). Let p be 1/4 - 934/(-8). What is the greatest common divisor of p and t?
13
Let h = -20 - -3. Let s = 52 + h. What is the greatest common divisor of 14 and s?
7
Suppose -2*w + 606 = w + 2*s, -197 = -w + s. Let x(y) = y**2 + 2*y + 1. Let c be x(-6). Calculate the highest common factor of w and c.
25
Let x = 0 + 3. Suppose -2 - 46 = -2*r - 2*s, -4*r + 114 = -2*s. Calculate the highest common factor of r and x.
3
Let o(m) = m + 9. Let t be o(18). What is the highest common factor of t and 3?
3
Suppose 7799 = 4*j + 399. Suppose -99 - 295 = -p - 4*n, -5*p = -4*n - j. Suppose -l + p = l. What is the highest common divisor of l and 17?
17
Suppose -26 - 16 = -t. What is the highest common factor of 28 and t?
14
Let t = -123 - -145. What is the highest common divisor of t and 11?
11
Let f(x) = -4*x**2 - 3*x + 1. Let v be f(-3). Let u = v + 42. What is the highest common divisor of u and 176?
16
Let z(a) = 30*a + 5. Let l be z(4). Let p = l - 4. What is the greatest common divisor of 11 and p?
11
Let w be -2 - (3 - 5) - -1. Suppose 4*k + 4*d - 16 = 0, -2*k + 2*d = 3 + 1. Calculate the greatest common divisor of k and w.
1
Let k(z) = z**2 - z + 6. Let h be k(3). Suppose -7 - 1 = 2*q. Let x be (6/(-4))/(q/48). Calculate the highest common divisor of h and x.
6
Let q(f) = f**2 - 7*f + 1. Let a be q(6). Let o(u) = -2*u + 2. Let i be o(a). What is the highest common factor of i and 36?
12
Suppose -2*p - 5*b = -33, -p - 3*p - 2*b = -26. Suppose -3*w - 14 = -p*w. What is the highest common divisor of w and 14?
14
Let l(k) = -k**2 + 5*k - 2. Let o be l(5). Let d be ((-5)/o)/(-5)*-6. What is the greatest common divisor of d and 12?
3
Let x = 31 - 5. Suppose -10 + x = v. Calculate the greatest common divisor of 144 and v.
16
Let g be (9/2)/(-3)*-2. Let u(p) = -33*p. Suppose -1 = 5*b - 4*b. Let t be u(b). Calculate the greatest common divisor of g and t.
3
Let g = 7 + -2. Suppose -4*k = 4*j - 380, -g*k + 2*j - 3*j + 455 = 0. What is the highest common divisor of k and 36?
18
Suppose -9*z = -5*z - 312. Calculate the highest common factor of 6 and z.
6
Suppose 21*w - 24*w + 225 = 0. What is the greatest common divisor of 15 and w?
15
Let h(b) = 19*b - 4. Let t be h(5). Suppose -7*u + 52 = -3*u. What is the highest common factor of u and t?
13
Suppose -4*f - 4*r + 236 = -8*r, 2*f = 3*r + 120. Calculate the highest common factor of 19 and f.
19
Let m be ((-2)/4 + 0)*-6. Suppose -d + f + m + 4 = 0, 3*d = -3*f + 39. Calculate the highest common factor of d and 40.
10
Let l be (-6 + 7)/((-2)/(-4)). Let k = 0 + l. Suppose 3*u - 300 = -k*u. Calculate the highest common divisor of u and 15.
15
Suppose 36 - 86 = -n. Let m = -10 + n. Calculate the highest common factor of m and 10.
10
Let c(k) = -k + 1. Let a(y) = -y**2 + 5*y + 10. Let q(b) = a(b) + 4*c(b). Let u be q(0). What is the highest common divisor of 14 and u?
14
Suppose w = -3*w. Let v(h) = h**3 + 66. Let n be v(w). Suppose -38 = 4*q - 82. What is the highest common divisor of q and n?
11
Let m = 3 - 1. Suppose -m*x + 100 = 3*x. What is the highest common factor of 50 and x?
10
Let r = -51 - -59. What is the greatest common factor of r and 8?
8
Suppose 0 = 369*a - 374*a + 725. Calculate the greatest common factor of 58 and a.
29
Let w = 26 + -18. Calculate the greatest common divisor of w and 16.
8
Let w be 34 - (14/(-8) + 4/(-16)). What is the greatest common divisor of 198 and w?
18
Suppose 0 = -4*s - 59 + 11. Let c = s + 23. Calculate the greatest common factor of 88 and c.
11
Let k(c) = -12*c**2 + 1. Let g be k(-1). Let h(t) = -t**2 - 16*t - 11. Let a be h(g). Calculate the greatest common divisor of 4 and a.
4
Let v(j) = 8*j - 4. Suppose -3*g + 5 = -4. Let k be v(g). Calculate the highest common factor of k and 50.
10
Let h = 101 - -78. Let z = 329 - h. What is the highest common factor of 15 and z?
15
Suppose -5*d - 5 + 20 = 0, i + 4*d = 77. What is the highest common factor of i and 13?
13
Suppose -4*v + 2*v = -22. Suppose -5*l + v + 59 = 5*r, 5*l - 61 = -2*r. Suppose 0 = -2*g + g + l. What is the greatest common divisor of g and 121?
11
Let k(g) = g**3 + 13*g**2 - 2*g - 21. Let r be k(-11). Calculate the highest common divisor of 27 and r.
27
Suppose 6*v - 2*v - 2*y - 70 = 0, 3*y = -15. Calculate the highest common divisor of 5 and v.
5
Let g(l) = -l**2 + 15*l. Let z be g(7). What is the greatest common divisor of z and 8?
8
Suppose 4*c - 64 = -4. Let n(a) = -2*a - 3. Let i be n(-4). Calculate the highest common factor of i and c.
5
Suppose p - 30 = -4*p. Suppose -2*k + 43 = 4*b - 45, 0 = -2*k - 8. What is the highest common factor of b and p?
6
Let s be 35*((-9)/15 - -1). Calculate the greatest common divisor of s and 126.
14
Let v be 1 + 14/((-6)/(-3)). Let r be v/(-6)*(-15)/(-5). Let n be (1/(-2))/(r/72). What is the highest common divisor of n and 99?
9
Suppose 3*b + b - 223 = -t, -4*t = 2*b - 108. Let d be ((-14)/6)/((-2)/12). Let z = 21 - d. What is the highest common factor of b and z?
7
Let o(i) = -i**3 - 4*i**2 - i + 1. Let k be o(-4). Suppose k*x - 3*a - 263 = 0, -3*a - 153 = -3*x - 0*x. Calculate the highest common divisor of x and 11.
11
Let b(y) = 7*y - 25. Let z be b(11). Suppose -4*k + 484 = z. Calculate the greatest common factor of 12 and k.
12
Let q(w) = -11*w - 3. Let d be q(-3). Calculate the highest common divisor of d and 6.
6
Let w = -17 - -39. Let x be 114/5 + 120/(-150). Calculate the highest common divisor of x and w.
22
Let z = 1 + 3. Suppose 3*l - 2*i - 83 = -30, -i = z*l - 56. Suppose p - l = 55. Calculate the highest common divisor of p and 10.
10
Suppose -7*p + 145 = -2*p. Suppose -y - x - 4*x = -p, x = 4*y - 11. Suppose -410 = -y*a - 122. Calculate the highest common divisor of 8 and a.
8
Suppose 14 - 6 = 2*g. Suppose 0 